- 11110122022201?
-11110122022120
In base 14, what is 11ba1293 - -1?
11ba1294
In base 5, what is -44 - -133214324?
133214230
In base 11, what is -1651147 + -2?
-1651149
In base 4, what is -1203023 + -1032122?
-2301211
In base 11, what is -8555a24 - -4?
-8555a20
In base 2, what is -11110010011110011110011110 + 10110?
-11110010011110011110001000
In base 14, what is 99875 - ba?
99799
In base 15, what is -91340 + -2a?
-9136a
In base 14, what is b - -4014?
4021
In base 15, what is -361899 + -71?
-36191a
In base 14, what is -21 - c6115?
-c6136
In base 15, what is d68 + -18b2?
-a49
In base 14, what is 10a9b + -2b2?
107c9
In base 9, what is -1874480 - 10?
-1874500
In base 12, what is -46708111 + -3?
-46708114
In base 4, what is -1112213 + 11102200?
3323321
In base 7, what is 204555205 - 1?
204555204
In base 14, what is -4 + -b9538b8?
-b9538bc
In base 9, what is -770 - 168677?
-170557
In base 8, what is -70375 - 574?
-71171
In base 8, what is 36 - -4425?
4463
In base 7, what is -254202406 + 2?
-254202404
In base 14, what is 5 + 462834d3?
462834d8
In base 13, what is -238c29 - 4?
-238c30
In base 5, what is -110 - 12441434?
-12442044
In base 14, what is 13402714 + 3?
13402717
In base 6, what is -11 - 1424420435?
-1424420450
In base 6, what is 14254 + -500532?
-442234
In base 2, what is -11010 + 1001010110100101110?
1001010110100010100
In base 14, what is -ba + 9603?
9527
In base 12, what is 83 - 27a174?
-27a0b1
In base 2, what is 100001010001001010 - 1010111010001?
11111111001111001
In base 15, what is 870 + 36876?
371e6
In base 7, what is -33 - -3041554?
3041521
In base 6, what is -304552 + 2?
-304550
In base 16, what is -62a + 94a?
320
In base 11, what is 1800568 + a?
1800577
In base 12, what is -4412757 + -5?
-4412760
In base 7, what is 2 + -10012504614?
-10012504612
In base 4, what is -3 + 333123013010?
333123013001
In base 16, what is 132bc7b - 2?
132bc79
In base 16, what is -5 - -a20497?
a20492
In base 10, what is -774 - -1430?
656
In base 2, what is -110011000111010010100 + 1001001101?
-110011000110001000111
In base 5, what is 411403213 + 0?
411403213
In base 16, what is -36e0abe - 0?
-36e0abe
In base 3, what is -12221111011 - -122012?
-12220211222
In base 15, what is -5 + -1d09775?
-1d0977a
In base 13, what is -251c8 - -21b?
-24caa
In base 5, what is 1433321 + -22421?
1410400
In base 3, what is -212201200210 - -2001?
-212201121202
In base 16, what is -30 - 1aeb7a?
-1aebaa
In base 2, what is 10010110011 + 100101011011?
111000001110
In base 9, what is 825545 - 306?
825238
In base 6, what is 40033242 - 502?
40032340
In base 12, what is 5 - 40a46619?
-40a46614
In base 11, what is -14986705 + 0?
-14986705
In base 2, what is 1101111010111010100101110010 + -10?
1101111010111010100101110000
In base 12, what is -15 - -b81898?
b81883
In base 16, what is 2fd - 87b5?
-84b8
In base 11, what is 5 - -8a90?
8a95
In base 11, what is 21a - -417545?
417764
In base 4, what is -12303220310 + -1?
-12303220311
In base 13, what is -1111610 + 3?
-111160a
In base 10, what is -2449890 + 2?
-2449888
In base 16, what is 5 + -550d6d?
-550d68
In base 8, what is 34753 - 122?
34631
In base 7, what is -4436 + 2520354?
2512615
In base 5, what is -141213320434 + -11?
-141213321000
In base 13, what is -4961 - -a861?
5c00
In base 5, what is -43024131 - 1100?
-43030231
In base 14, what is 6ad3358 - 3?
6ad3355
In base 4, what is -2 - 3323110010000?
-3323110010002
In base 5, what is 111003411 - -100?
111004011
In base 8, what is 217254 - -10?
217264
In base 4, what is -2203032 + -1201302?
-10011000
In base 15, what is 1 - 440ac?
-440ab
In base 8, what is -1027 + 27702?
26653
In base 9, what is -117238 - 215?
-117454
In base 13, what is -4 + -4137839?
-4137840
In base 13, what is -1c - -193c87?
193c68
In base 8, what is 1761 + -11606?
-7625
In base 12, what is 3412 - -131a?
4730
In base 16, what is 390 + 5fe?
98e
In base 5, what is -4132 + 301344234?
301340102
In base 8, what is -7235702167 + 5?
-7235702162
In base 7, what is 5 - -24211136?
24211144
In base 4, what is -2003312212013 - 12?
-2003312212031
In base 10, what is -5 - -7123584?
7123579
In base 2, what is 10 - -100011111100000100001?
100011111100000100011
In base 9, what is -4 - -778250?
778245
In base 10, what is -1 - 26745441?
-26745442
In base 14, what is 72 + 68316?
68388
In base 9, what is 247740866 - -2?
247740868
In base 15, what is 2 - -13156612?
13156614
In base 13, what is 4 - 1a4b27?
-1a4b23
In base 9, what is 308551 + 21?
308572
In base 4, what is -130 - 1121130?
-1121320
In base 4, what is 233213000230 + 11?
233213000301
In base 10, what is -72018800 + -3?
-72018803
In base 13, what is 4 - 1967996?
-1967992
In base 14, what is 1947c7 - 192?
194635
In base 15, what is -5 - -2b0ab?
2b0a6
In base 14, what is 822 - -393b9?
39bdb
In base 16, what is -140 + 4190c?
417cc
In base 2, what is -101000100001100100 + 1011110011?
-101000010101110001
In base 5, what is 2104 - -1030310?
1032414
In base 14, what is 49735 + 2?
49737
In base 13, what is -b61 + 4612?
3781
In base 6, what is 3 - 34452335353?
-34452335350
In base 4, what is 1 - -1220323223033?
1220323223100
In base 14, what is 72 + -76bb3?
-76b41
In base 10, what is 0 - -6820724?
6820724
In base 8, what is 77070 + -50705?
26163
In base 16, what is -1ae50 - 11f0?
-1c040
In base 10, what is 1415278 + 42?
1415320
In base 5, what is 1000 - -4031402131?
4031403131
In base 11, what is -21723a + 13a1?
-215949
In base 3, what is 1 - -102010101002012?
102010101002020
In base 5, what is -13430104333024 - 3?
-13430104333032
In base 9, what is -24273116 + 1?
-24273115
In base 12, what is 1 + 16966ab?
16966b0
In base 4, what is -33102023321 - 100?
-33102030021
In base 11, what is 298056 + -50?
298006
In base 3, what is -11 - -1220212011221?
1220212011210
In base 10, what is -2211 - 9711?
-11922
In base 10, what is 53024064 - 6?
53024058
In base 7, what is 226 + -2124113?
-2123554
In base 11, what is 140217365 - 5?
140217360
In base 11, what is 8 + 59a416?
59a423
In base 16, what is -63 - -8e908?
8e8a5
In base 11, what is -113347 - -94?
-113263
In base 4, what is 3 + 3300133110123?
3300133110132
In base 12, what is -4 - 8500455?
-8500459
In base 6, what is -511530525135 + 0?
-511530525135
In base 13, what is 57a7739 + a?
57a7746
In base 11, what is 228 - 31a3221?
-31a2aa4
In base 13, what is 38 - -7a1c6?
7a231
In base 5, what is 221 + -131430223?
-131430002
In base 9, what is 5 - -24128673?
24128678
In base 5, what is 103044113 + -10234?
103033324
In base 8, what is 0 + 56746350?
56746350
In base 13, what is -a - -729555?
729548
In base 4, what is 1130 - -23302120?
23303310
In base 11, what is 95aaa5 + -2?
95aaa3
In base 4, what is 101320 + 1301211332?
1301313312
In base 12, what is b - -491138?
491147
In base 3, what is 11122020 + -2212010?
1210010
In base 4, what is 31031 + 112100021?
112131112
In base 5, what is 11 + -1333121234?
-1333121223
In base 8, what is 4434 - 6126?
-1472
In base 4, what is 11100 + 1100310100?
1100321200
In base 2, what is 10110101000110111 + 110110100?
10110101111101011
In base 8, what is -14517 + 4663?
-7634
In base 13, what is 7 + 130c0ab?
130c0b5
In base 11, what is -13622650 - 2?
-13622652
In base 12, what is 13407677 - 5?
13407672
In base 6, what is 544 - 1051253?
-1050305
In base 12, what is -7614971 - -7?
-7614966
In base 3, what is 20120 + 21010002?
21100122
In base 8, what is 24346 + -1062?
23264
In base 4, what is 103303 + -231223212?
-231113303
In base 5, what is 11213343 + 40420?
11304313
In base 8, what is 14475 + -2654?
11621
In base 4, what is -13003220 + 202202?
-12201012
In base 2, what is -1 + -10001000011110110010111110?
-10001000011110110010111111
In base 7, what is 46501332233 - 2?
46501332231
In base 13, what is 2b492 + 5b?
2b520
In base 9, what is 70565541 - 6?
70565534
In base 9, what is 1768 - 4106?
-2227
In base 13, what is -1b316 + -a7?
-1b3c0
In base 16, what is -b75b - -24?
-b737
In base 12, what is b12941 + 1?
b12942
In base 3, what is 1111 + -102221111102?
-102221102221
In base 7, what is -442 + 23551514?
23551042
In base 15, what is 19d2 + -3038?
-1556
In base 13, what is 100833a4 + -4?
100833a0
In base 7, what is 406352216 - -1?
406352220
In base 11, what is -96 - -77001?
76a16
In base 14, what is -3c + 95d26?
95cc8
In 